[INFO] fetching crate fuel-core-relayer 0.18.1...
[INFO] checking fuel-core-relayer-0.18.1 against master#e6e4f7ed1589e03bc2f6c5931c1a72e7947e8682 for beta-170-4
[INFO] extracting crate fuel-core-relayer 0.18.1 into /workspace/builds/worker-6-tc2/source
[INFO] validating manifest of crates.io crate fuel-core-relayer 0.18.1 on toolchain e6e4f7ed1589e03bc2f6c5931c1a72e7947e8682
[INFO] running `Command { std: CARGO_HOME="/workspace/cargo-home" RUSTUP_HOME="/workspace/rustup-home" "/workspace/cargo-home/bin/cargo" "+e6e4f7ed1589e03bc2f6c5931c1a72e7947e8682" "metadata" "--manifest-path" "Cargo.toml" "--no-deps", kill_on_drop: false }`
[INFO] started tweaking crates.io crate fuel-core-relayer 0.18.1
[INFO] finished tweaking crates.io crate fuel-core-relayer 0.18.1
[INFO] tweaked toml for crates.io crate fuel-core-relayer 0.18.1 written to /workspace/builds/worker-6-tc2/source/Cargo.toml
[INFO] running `Command { std: CARGO_HOME="/workspace/cargo-home" RUSTUP_HOME="/workspace/rustup-home" __CARGO_TEST_CHANNEL_OVERRIDE_DO_NOT_USE_THIS="nightly" "/workspace/cargo-home/bin/cargo" "+e6e4f7ed1589e03bc2f6c5931c1a72e7947e8682" "generate-lockfile" "--manifest-path" "Cargo.toml" "-Zno-index-update", kill_on_drop: false }`
[INFO] running `Command { std: CARGO_HOME="/workspace/cargo-home" RUSTUP_HOME="/workspace/rustup-home" "/workspace/cargo-home/bin/cargo" "+e6e4f7ed1589e03bc2f6c5931c1a72e7947e8682" "fetch" "--manifest-path" "Cargo.toml", kill_on_drop: false }`
[INFO] running `Command { std: "docker" "create" "-v" "/var/lib/crater-agent-workspace/builds/worker-6-tc2/target:/opt/rustwide/target:rw,Z" "-v" "/var/lib/crater-agent-workspace/builds/worker-6-tc2/source:/opt/rustwide/workdir:ro,Z" "-v" "/var/lib/crater-agent-workspace/cargo-home:/opt/rustwide/cargo-home:ro,Z" "-v" "/var/lib/crater-agent-workspace/rustup-home:/opt/rustwide/rustup-home:ro,Z" "-e" "SOURCE_DIR=/opt/rustwide/workdir" "-e" "CARGO_TARGET_DIR=/opt/rustwide/target" "-e" "CARGO_HOME=/opt/rustwide/cargo-home" "-e" "RUSTUP_HOME=/opt/rustwide/rustup-home" "-w" "/opt/rustwide/workdir" "-m" "1610612736" "--user" "0:0" "--network" "none" "ghcr.io/rust-lang/crates-build-env/linux@sha256:19e73879b68f455e41552ea35293514db52ea292d993f571636dbffedb77a1ee" "/opt/rustwide/cargo-home/bin/cargo" "+e6e4f7ed1589e03bc2f6c5931c1a72e7947e8682" "metadata" "--no-deps" "--format-version=1", kill_on_drop: false }`
[INFO] [stdout] 96ed5ff9c458a6d137bf3a1d71f77449d34c5e4ce8b76d01f84ccb0c573d28c0
[INFO] running `Command { std: "docker" "start" "-a" "96ed5ff9c458a6d137bf3a1d71f77449d34c5e4ce8b76d01f84ccb0c573d28c0", kill_on_drop: false }`
[INFO] running `Command { std: "docker" "inspect" "96ed5ff9c458a6d137bf3a1d71f77449d34c5e4ce8b76d01f84ccb0c573d28c0", kill_on_drop: false }`
[INFO] running `Command { std: "docker" "rm" "-f" "96ed5ff9c458a6d137bf3a1d71f77449d34c5e4ce8b76d01f84ccb0c573d28c0", kill_on_drop: false }`
[INFO] [stdout] 96ed5ff9c458a6d137bf3a1d71f77449d34c5e4ce8b76d01f84ccb0c573d28c0
[INFO] running `Command { std: "docker" "create" "-v" "/var/lib/crater-agent-workspace/builds/worker-6-tc2/target:/opt/rustwide/target:rw,Z" "-v" "/var/lib/crater-agent-workspace/builds/worker-6-tc2/source:/opt/rustwide/workdir:ro,Z" "-v" "/var/lib/crater-agent-workspace/cargo-home:/opt/rustwide/cargo-home:ro,Z" "-v" "/var/lib/crater-agent-workspace/rustup-home:/opt/rustwide/rustup-home:ro,Z" "-e" "SOURCE_DIR=/opt/rustwide/workdir" "-e" "CARGO_TARGET_DIR=/opt/rustwide/target" "-e" "CARGO_INCREMENTAL=0" "-e" "RUST_BACKTRACE=full" "-e" "RUSTFLAGS=--cap-lints=forbid" "-e" "RUSTDOCFLAGS=--cap-lints=forbid" "-e" "CARGO_HOME=/opt/rustwide/cargo-home" "-e" "RUSTUP_HOME=/opt/rustwide/rustup-home" "-w" "/opt/rustwide/workdir" "-m" "1610612736" "--user" "0:0" "--network" "none" "ghcr.io/rust-lang/crates-build-env/linux@sha256:19e73879b68f455e41552ea35293514db52ea292d993f571636dbffedb77a1ee" "/opt/rustwide/cargo-home/bin/cargo" "+e6e4f7ed1589e03bc2f6c5931c1a72e7947e8682" "check" "--frozen" "--all" "--all-targets" "--message-format=json", kill_on_drop: false }`
[INFO] [stdout] 5e14de923842973cec92c43809407ba3b87e18f6ce77d251dc25afd4e4cc72c3
[INFO] running `Command { std: "docker" "start" "-a" "5e14de923842973cec92c43809407ba3b87e18f6ce77d251dc25afd4e4cc72c3", kill_on_drop: false }`
[INFO] [stderr]    Compiling proc-macro2 v1.0.59
[INFO] [stderr]    Compiling serde v1.0.163
[INFO] [stderr]    Compiling syn v1.0.109
[INFO] [stderr]     Checking const-oid v0.9.2
[INFO] [stderr]     Checking subtle v2.5.0
[INFO] [stderr]     Checking once_cell v1.17.2
[INFO] [stderr]    Compiling cfg-if v1.0.0
[INFO] [stderr]    Compiling quote v1.0.28
[INFO] [stderr]    Compiling generic-array v0.14.7
[INFO] [stderr]    Compiling hashbrown v0.12.3
[INFO] [stderr]    Compiling ring v0.16.20
[INFO] [stderr]    Compiling winnow v0.4.6
[INFO] [stderr]     Checking getrandom v0.2.9
[INFO] [stderr]    Compiling toml_datetime v0.6.2
[INFO] [stderr]    Compiling log v0.4.18
[INFO] [stderr]    Compiling crunchy v0.2.2
[INFO] [stderr]    Compiling convert_case v0.4.0
[INFO] [stderr]     Checking cpufeatures v0.2.7
[INFO] [stderr]     Checking rand_core v0.6.4
[INFO] [stderr]     Checking hex v0.4.3
[INFO] [stderr]    Compiling typenum v1.16.0
[INFO] [stderr]     Checking rand_chacha v0.3.1
[INFO] [stderr]    Compiling tiny-keccak v2.0.2
[INFO] [stderr]    Compiling rustversion v1.0.12
[INFO] [stderr]    Compiling parking_lot_core v0.9.7
[INFO] [stderr]     Checking untrusted v0.7.1
[INFO] [stderr]     Checking rand v0.8.5
[INFO] [stderr]    Compiling heck v0.4.1
[INFO] [stderr]    Compiling tokio v1.28.2
[INFO] [stderr]     Checking futures-sink v0.3.28
[INFO] [stderr]    Compiling futures-channel v0.3.28
[INFO] [stderr]    Compiling rustls v0.21.1
[INFO] [stderr]    Compiling syn v2.0.18
[INFO] [stderr]    Compiling itoa v1.0.6
[INFO] [stderr]    Compiling indexmap v1.9.3
[INFO] [stderr]    Compiling memchr v2.5.0
[INFO] [stderr]     Checking mio v0.8.8
[INFO] [stderr]     Checking socket2 v0.4.9
[INFO] [stderr]    Compiling futures-util v0.3.28
[INFO] [stderr]    Compiling proc-macro-error-attr v1.0.4
[INFO] [stderr]    Compiling zeroize v1.6.0
[INFO] [stderr]    Compiling pin-project-lite v0.2.9
[INFO] [stderr]     Checking base64 v0.21.2
[INFO] [stderr]    Compiling rustc-hex v2.1.0
[INFO] [stderr]     Checking parking_lot v0.12.1
[INFO] [stderr]    Compiling spin v0.5.2
[INFO] [stderr]    Compiling semver v1.0.17
[INFO] [stderr]    Compiling byte-slice-cast v1.2.2
[INFO] [stderr]    Compiling arrayvec v0.7.2
[INFO] [stderr]    Compiling camino v1.1.4
[INFO] [stderr]    Compiling block-buffer v0.10.4
[INFO] [stderr]    Compiling crypto-common v0.1.6
[INFO] [stderr]    Compiling ppv-lite86 v0.2.17
[INFO] [stderr]     Checking ff v0.13.0
[INFO] [stderr]    Compiling digest v0.10.7
[INFO] [stderr]     Checking tracing-core v0.1.31
[INFO] [stderr]    Compiling static_assertions v1.1.0
[INFO] [stderr]     Checking base16ct v0.2.0
[INFO] [stderr]    Compiling byteorder v1.4.3
[INFO] [stderr]     Checking group v0.13.0
[INFO] [stderr]    Compiling futures-core v0.3.28
[INFO] [stderr]    Compiling num_cpus v1.15.0
[INFO] [stderr]    Compiling der v0.6.1
[INFO] [stderr]    Compiling base64ct v1.6.0
[INFO] [stderr]     Checking fixed-hash v0.8.0
[INFO] [stderr]     Checking percent-encoding v2.2.0
[INFO] [stderr]    Compiling toml_edit v0.19.10
[INFO] [stderr]    Compiling ryu v1.0.13
[INFO] [stderr]    Compiling serde_json v1.0.96
[INFO] [stderr]    Compiling fnv v1.0.7
[INFO] [stderr]    Compiling uint v0.9.5
[INFO] [stderr]     Checking form_urlencoded v1.1.0
[INFO] [stderr]    Compiling crypto-bigint v0.4.9
[INFO] [stderr]    Compiling ff v0.12.1
[INFO] [stderr]    Compiling tracing v0.1.37
[INFO] [stderr]    Compiling slab v0.4.8
[INFO] [stderr]    Compiling futures-task v0.3.28
[INFO] [stderr]    Compiling secp256k1-sys v0.8.1
[INFO] [stderr]    Compiling pin-utils v0.1.0
[INFO] [stderr]     Checking base16ct v0.1.1
[INFO] [stderr]    Compiling futures-io v0.3.28
[INFO] [stderr]     Checking bech32 v0.7.3
[INFO] [stderr]    Compiling tinyvec_macros v0.1.1
[INFO] [stderr]     Checking idna v0.3.0
[INFO] [stderr]    Compiling tinyvec v1.6.0
[INFO] [stderr]    Compiling spki v0.6.0
[INFO] [stderr]     Checking group v0.12.1
[INFO] [stderr]    Compiling hmac v0.12.1
[INFO] [stderr]    Compiling aho-corasick v1.0.1
[INFO] [stderr]     Checking unicode-ident v1.0.9
[INFO] [stderr]    Compiling pkcs8 v0.9.0
[INFO] [stderr]     Checking radium v0.3.0
[INFO] [stderr]    Compiling eyre v0.6.8
[INFO] [stderr]    Compiling sec1 v0.3.0
[INFO] [stderr]    Compiling try-lock v0.2.4
[INFO] [stderr]    Compiling rustls v0.20.8
[INFO] [stderr]    Compiling keccak v0.1.4
[INFO] [stderr]     Checking want v0.3.0
[INFO] [stderr]    Compiling elliptic-curve v0.12.3
[INFO] [stderr]     Checking bitvec v0.17.4
[INFO] [stderr]    Compiling proc-macro-crate v1.3.1
[INFO] [stderr]    Compiling sha3 v0.10.8
[INFO] [stderr]    Compiling rfc6979 v0.3.1
[INFO] [stderr]     Checking url v2.3.1
[INFO] [stderr]    Compiling unicode-normalization v0.1.22
[INFO] [stderr]     Checking ahash v0.8.3
[INFO] [stderr]    Compiling signature v1.6.4
[INFO] [stderr]     Checking sct v0.7.0
[INFO] [stderr]     Checking webpki v0.22.0
[INFO] [stderr]    Compiling rustls-webpki v0.100.1
[INFO] [stderr]    Compiling regex v1.8.3
[INFO] [stderr]    Compiling httparse v1.8.0
[INFO] [stderr]     Checking fuel-types v0.31.1
[INFO] [stderr]    Compiling num-integer v0.1.45
[INFO] [stderr]    Compiling tower-service v0.3.2
[INFO] [stderr]     Checking httpdate v1.0.2
[INFO] [stderr]    Compiling unicode-bidi v0.3.13
[INFO] [stderr]    Compiling sha2 v0.10.6
[INFO] [stderr]     Checking webpki-roots v0.22.6
[INFO] [stderr]     Checking hashbrown v0.13.2
[INFO] [stderr]    Compiling ecdsa v0.14.8
[INFO] [stderr]    Compiling proc-macro-error v1.0.4
[INFO] [stderr]    Compiling num-traits v0.2.15
[INFO] [stderr]     Checking borrown v0.1.0
[INFO] [stderr]    Compiling anyhow v1.0.71
[INFO] [stderr]    Compiling async-trait v0.1.68
[INFO] [stderr]     Checking fuel-storage v0.31.1
[INFO] [stderr]    Compiling k256 v0.11.6
[INFO] [stderr]    Compiling rustls-pemfile v1.0.2
[INFO] [stderr]     Checking chrono v0.4.26
[INFO] [stderr]    Compiling encoding_rs v0.8.32
[INFO] [stderr]     Checking secp256k1 v0.26.0
[INFO] [stderr]     Checking mime v0.3.17
[INFO] [stderr]     Checking utf-8 v0.7.6
[INFO] [stderr]    Compiling indenter v0.3.3
[INFO] [stderr]     Checking unicode-xid v0.2.4
[INFO] [stderr]    Compiling ipnet v2.7.2
[INFO] [stderr]    Compiling same-file v1.0.6
[INFO] [stderr]    Compiling Inflector v0.11.4
[INFO] [stderr]    Compiling walkdir v2.3.3
[INFO] [stderr]     Checking fxhash v0.2.1
[INFO] [stderr]    Compiling dunce v1.0.4
[INFO] [stderr]     Checking hashers v1.0.1
[INFO] [stderr]     Checking futures-timer v3.0.2
[INFO] [stderr]     Checking predicates-core v1.0.6
[INFO] [stderr]     Checking float-cmp v0.9.0
[INFO] [stderr]     Checking normalize-line-endings v0.3.0
[INFO] [stderr]     Checking termtree v0.4.1
[INFO] [stderr]     Checking fragile v2.0.0
[INFO] [stderr]     Checking downcast v0.11.0
[INFO] [stderr]     Checking predicates v2.1.5
[INFO] [stderr]     Checking predicates-tree v1.0.9
[INFO] [stderr]    Compiling serde_derive v1.0.163
[INFO] [stderr]    Compiling zeroize_derive v1.4.2
[INFO] [stderr]    Compiling thiserror-impl v1.0.40
[INFO] [stderr]    Compiling tokio-macros v2.1.0
[INFO] [stderr]    Compiling futures-macro v0.3.28
[INFO] [stderr]    Compiling tracing-attributes v0.1.24
[INFO] [stderr]    Compiling pin-project-internal v1.1.0
[INFO] [stderr]    Compiling parity-scale-codec-derive v3.1.4
[INFO] [stderr]    Compiling impl-trait-for-tuples v0.2.2
[INFO] [stderr]    Compiling derive_more v0.99.17
[INFO] [stderr]    Compiling scale-info-derive v2.6.0
[INFO] [stderr]    Compiling strum_macros v0.24.3
[INFO] [stderr]    Compiling auto_impl v1.1.0
[INFO] [stderr]    Compiling rlp-derive v0.1.0
[INFO] [stderr]    Compiling derivative v2.2.0
[INFO] [stderr]    Compiling test-case-macros v2.2.2
[INFO] [stderr]    Compiling mockall_derive v0.11.4
[INFO] [stderr]     Checking der v0.7.6
[INFO] [stderr]     Checking digest v0.9.0
[INFO] [stderr]     Checking thiserror v1.0.40
[INFO] [stderr]     Checking block-buffer v0.9.0
[INFO] [stderr]     Checking crypto-bigint v0.5.2
[INFO] [stderr]     Checking sha2 v0.9.9
[INFO] [stderr]     Checking spki v0.7.2
[INFO] [stderr]     Checking sec1 v0.7.2
[INFO] [stderr]     Checking strum v0.24.1
[INFO] [stderr]     Checking rfc6979 v0.4.0
[INFO] [stderr]     Checking signature v2.1.0
[INFO] [stderr]     Checking bs58 v0.4.0
[INFO] [stderr]     Checking pkcs8 v0.10.2
[INFO] [stderr]     Checking ripemd v0.1.3
[INFO] [stderr]     Checking pbkdf2 v0.12.1
[INFO] [stderr]     Checking fuel-asm v0.31.1
[INFO] [stderr]     Checking fuel-merkle v0.31.1
[INFO] [stderr]     Checking sha-1 v0.10.1
[INFO] [stderr]     Checking pin-project v1.1.0
[INFO] [stderr]     Checking secrecy v0.8.0
[INFO] [stderr]     Checking tracing-futures v0.2.5
[INFO] [stderr]     Checking test-case v2.2.2
[INFO] [stderr]     Checking elliptic-curve v0.13.5
[INFO] [stderr]     Checking ecdsa v0.16.7
[INFO] [stderr]     Checking k256 v0.13.1
[INFO] [stderr]     Checking mockall v0.11.4
[INFO] [stderr]     Checking futures-executor v0.3.28
[INFO] [stderr]     Checking futures v0.3.28
[INFO] [stderr]     Checking bytes v1.4.0
[INFO] [stderr]     Checking parity-scale-codec v3.5.0
[INFO] [stderr]     Checking impl-serde v0.4.0
[INFO] [stderr]     Checking coins-core v0.8.3
[INFO] [stderr]     Checking bincode v1.3.3
[INFO] [stderr]     Checking cargo-platform v0.1.2
[INFO] [stderr]     Checking serde_urlencoded v0.7.1
[INFO] [stderr]     Checking tai64 v4.0.0
[INFO] [stderr]     Checking toml v0.5.11
[INFO] [stderr]     Checking coins-bip32 v0.8.3
[INFO] [stderr]     Checking http v0.2.9
[INFO] [stderr]     Checking rlp v0.5.2
[INFO] [stderr]     Checking impl-rlp v0.3.0
[INFO] [stderr]     Checking scale-info v2.7.0
[INFO] [stderr]     Checking impl-codec v0.6.0
[INFO] [stderr]     Checking coins-bip39 v0.8.6
[INFO] [stderr]     Checking cargo_metadata v0.15.4
[INFO] [stderr]     Checking fuel-crypto v0.31.1
[INFO] [stderr]    Compiling open-fastrlp-derive v0.1.1
[INFO] [stderr]     Checking primitive-types v0.12.1
[INFO] [stderr]     Checking ethbloom v0.13.0
[INFO] [stderr]     Checking http-body v0.4.5
[INFO] [stderr]     Checking tungstenite v0.17.3
[INFO] [stderr]     Checking fuel-tx v0.31.1
[INFO] [stderr]     Checking ethereum-types v0.14.1
[INFO] [stderr]     Checking fuel-vm v0.31.1
[INFO] [stderr]     Checking ethabi v18.0.0
[INFO] [stderr]     Checking open-fastrlp v0.1.4
[INFO] [stderr]     Checking ethers-core v1.0.2
[INFO] [stderr]     Checking fuel-core-types v0.18.1
[INFO] [stderr]     Checking tokio-util v0.7.8
[INFO] [stderr]     Checking tokio-rustls v0.24.0
[INFO] [stderr]     Checking tokio-rustls v0.23.4
[INFO] [stderr]     Checking fuel-core-services v0.18.1
[INFO] [stderr]     Checking fuel-core-storage v0.18.1
[INFO] [stderr]     Checking tokio-tungstenite v0.17.2
[INFO] [stderr]     Checking h2 v0.3.19
[INFO] [stderr]     Checking hyper v0.14.26
[INFO] [stderr]     Checking hyper-rustls v0.24.0
[INFO] [stderr]     Checking reqwest v0.11.18
[INFO] [stderr]     Checking ethers-contract-abigen v1.0.2
[INFO] [stderr]     Checking ethers-providers v1.0.2
[INFO] [stderr]    Compiling ethers-contract-derive v1.0.2
[INFO] [stderr]     Checking ethers-contract v1.0.2
[INFO] [stderr]     Checking fuel-core-relayer v0.18.1 (/opt/rustwide/workdir)
[INFO] [stdout] error[E0432]: unresolved import `fuel_core_storage::test_helpers`
[INFO] [stdout]  --> src/ports/tests.rs:3:24
[INFO] [stdout]   |
[INFO] [stdout] 3 | use fuel_core_storage::test_helpers::MockStorage;
[INFO] [stdout]   |                        ^^^^^^^^^^^^ could not find `test_helpers` in `fuel_core_storage`
[INFO] [stdout] 
[INFO] [stdout] 
[INFO] [stdout] error[E0432]: unresolved import `fuel_core_relayer`
[INFO] [stdout]  --> src/service/syncing/tests.rs:1:5
[INFO] [stdout]   |
[INFO] [stdout] 1 | use fuel_core_relayer as _;
[INFO] [stdout]   |     ^^^^^^^^^^^^^^^^^^^^^^ no external crate `fuel_core_relayer`
[INFO] [stdout] 
[INFO] [stdout] 
[INFO] [stdout] error[E0432]: unresolved import `bytes`
[INFO] [stdout]  --> src/test_helpers.rs:9:5
[INFO] [stdout]   |
[INFO] [stdout] 9 | use bytes::{
[INFO] [stdout]   |     ^^^^^ use of undeclared crate or module `bytes`
[INFO] [stdout] 
[INFO] [stdout] 
[INFO] [stdout] error[E0433]: failed to resolve: use of undeclared crate or module `serde`
[INFO] [stdout]   --> src/test_helpers/middleware.rs:21:5
[INFO] [stdout]    |
[INFO] [stdout] 21 | use serde::{
[INFO] [stdout]    |     ^^^^^ use of undeclared crate or module `serde`
[INFO] [stdout] 
[INFO] [stdout] 
[INFO] [stdout] error[E0432]: unresolved import `parking_lot`
[INFO] [stdout]   --> src/test_helpers/middleware.rs:20:5
[INFO] [stdout]    |
[INFO] [stdout] 20 | use parking_lot::Mutex;
[INFO] [stdout]    |     ^^^^^^^^^^^ use of undeclared crate or module `parking_lot`
[INFO] [stdout] 
[INFO] [stdout] 
[INFO] [stdout] error[E0432]: unresolved import `serde`
[INFO] [stdout]   --> src/test_helpers/middleware.rs:21:5
[INFO] [stdout]    |
[INFO] [stdout] 21 | use serde::{
[INFO] [stdout]    |     ^^^^^ use of undeclared crate or module `serde`
[INFO] [stdout] 
[INFO] [stdout] 
[INFO] [stdout] error[E0432]: unresolved import `thiserror`
[INFO] [stdout]   --> src/test_helpers/middleware.rs:31:5
[INFO] [stdout]    |
[INFO] [stdout] 31 | use thiserror::Error;
[INFO] [stdout]    |     ^^^^^^^^^ use of undeclared crate or module `thiserror`
[INFO] [stdout] 
[INFO] [stdout] 
[INFO] [stdout] error[E0433]: failed to resolve: use of undeclared crate or module `fuel_core_trace`
[INFO] [stdout]   --> src/lib.rs:36:1
[INFO] [stdout]    |
[INFO] [stdout] 36 | fuel_core_trace::enable_tracing!();
[INFO] [stdout]    | ^^^^^^^^^^^^^^^ use of undeclared crate or module `fuel_core_trace`
[INFO] [stdout] 
[INFO] [stdout] 
[INFO] [stdout] error: cannot determine resolution for the derive macro `Error`
[INFO] [stdout]    --> src/test_helpers/middleware.rs:165:10
[INFO] [stdout]     |
[INFO] [stdout] 165 | #[derive(Error, Debug)]
[INFO] [stdout]     |          ^^^^^
[INFO] [stdout]     |
[INFO] [stdout]     = note: import resolution is stuck, try simplifying macro imports
[INFO] [stdout] 
[INFO] [stdout] 
[INFO] [stdout] error: cannot find attribute `error` in this scope
[INFO] [stdout]    --> src/test_helpers/middleware.rs:169:7
[INFO] [stdout]     |
[INFO] [stdout] 169 |     #[error("Test")]
[INFO] [stdout]     |       ^^^^^
[INFO] [stdout] 
[INFO] [stdout] 
[INFO] [stdout] error: cannot find attribute `error` in this scope
[INFO] [stdout]    --> src/test_helpers/middleware.rs:171:7
[INFO] [stdout]     |
[INFO] [stdout] 171 |     #[error("Internal error")]
[INFO] [stdout]     |       ^^^^^
[INFO] [stdout] 
[INFO] [stdout] 
[INFO] [stdout] error[E0433]: failed to resolve: use of undeclared crate or module `parking_lot`
[INFO] [stdout]   --> src/test_helpers/middleware.rs:36:15
[INFO] [stdout]    |
[INFO] [stdout] 36 |     data: Arc<parking_lot::Mutex<InnerState>>,
[INFO] [stdout]    |               ^^^^^^^^^^^ use of undeclared crate or module `parking_lot`
[INFO] [stdout] 
[INFO] [stdout] 
[INFO] [stdout] error[E0433]: failed to resolve: use of undeclared crate or module `serde_json`
[INFO] [stdout]    --> src/test_helpers/middleware.rs:203:27
[INFO] [stdout]     |
[INFO] [stdout] 203 |                 let res = serde_json::to_value(Some(txn))?;
[INFO] [stdout]     |                           ^^^^^^^^^^ use of undeclared crate or module `serde_json`
[INFO] [stdout] 
[INFO] [stdout] 
[INFO] [stdout] error[E0433]: failed to resolve: use of undeclared crate or module `serde_json`
[INFO] [stdout]    --> src/test_helpers/middleware.rs:205:21
[INFO] [stdout]     |
[INFO] [stdout] 205 |                     serde_json::from_value(res).map_err(Self::Error::SerdeJson)?;
[INFO] [stdout]     |                     ^^^^^^^^^^ use of undeclared crate or module `serde_json`
[INFO] [stdout] 
[INFO] [stdout] 
[INFO] [stdout] error[E0433]: failed to resolve: use of undeclared crate or module `serde_json`
[INFO] [stdout]    --> src/test_helpers/middleware.rs:217:27
[INFO] [stdout]     |
[INFO] [stdout] 217 |                 let res = serde_json::to_value(Some(txn))?;
[INFO] [stdout]     |                           ^^^^^^^^^^ use of undeclared crate or module `serde_json`
[INFO] [stdout] 
[INFO] [stdout] 
[INFO] [stdout] error[E0433]: failed to resolve: use of undeclared crate or module `serde_json`
[INFO] [stdout]    --> src/test_helpers/middleware.rs:219:21
[INFO] [stdout]     |
[INFO] [stdout] 219 |                     serde_json::from_value(res).map_err(Self::Error::SerdeJson)?;
[INFO] [stdout]     |                     ^^^^^^^^^^ use of undeclared crate or module `serde_json`
[INFO] [stdout] 
[INFO] [stdout] 
[INFO] [stdout] error: aborting due to 16 previous errors
[INFO] [stdout] 
[INFO] [stdout] 
[INFO] [stdout] Some errors have detailed explanations: E0432, E0433.
[INFO] [stdout] 
[INFO] [stdout] For more information about an error, try `rustc --explain E0432`.
[INFO] [stdout] 
[INFO] [stderr] error: could not compile `fuel-core-relayer` (lib test) due to 17 previous errors
[INFO] [stderr] warning: build failed, waiting for other jobs to finish...
[INFO] running `Command { std: "docker" "inspect" "5e14de923842973cec92c43809407ba3b87e18f6ce77d251dc25afd4e4cc72c3", kill_on_drop: false }`
[INFO] running `Command { std: "docker" "rm" "-f" "5e14de923842973cec92c43809407ba3b87e18f6ce77d251dc25afd4e4cc72c3", kill_on_drop: false }`
[INFO] [stdout] 5e14de923842973cec92c43809407ba3b87e18f6ce77d251dc25afd4e4cc72c3
